{"id":33,"date":"2025-12-10T15:50:57","date_gmt":"2025-12-10T15:50:57","guid":{"rendered":"https:\/\/gonzalezroldanabogados.com\/?page_id=33"},"modified":"2026-03-12T11:03:56","modified_gmt":"2026-03-12T11:03:56","slug":"accesibilidad","status":"publish","type":"page","link":"https:\/\/gonzalezroldanabogados.com\/index.php\/accesibilidad\/","title":{"rendered":"Accesibilidad"},"content":{"rendered":"<style>.kb-row-layout-id33_53488a-ae > .kt-row-column-wrap{align-content:start;}:where(.kb-row-layout-id33_53488a-ae > .kt-row-column-wrap) > .wp-block-kadence-column{justify-content:start;}.kb-row-layout-id33_53488a-ae > .kt-row-column-wrap{column-gap:var(--global-kb-gap-md, 2rem);row-gap:var(--global-kb-gap-md, 2rem);padding-top:var(--global-kb-spacing-sm, 1.5rem);padding-bottom:var(--global-kb-spacing-3xl, 6.5rem);grid-template-columns:minmax(0, 1fr);}.kb-row-layout-id33_53488a-ae > .kt-row-layout-overlay{opacity:0.30;}@media all and (max-width: 1024px){.kb-row-layout-id33_53488a-ae > .kt-row-column-wrap{grid-template-columns:minmax(0, 1fr);}}@media all and (max-width: 767px){.kb-row-layout-id33_53488a-ae > .kt-row-column-wrap{grid-template-columns:minmax(0, 1fr);}}<\/style><div class=\"kb-row-layout-wrap kb-row-layout-id33_53488a-ae alignnone wp-block-kadence-rowlayout\"><div class=\"kt-row-column-wrap kt-has-1-columns kt-row-layout-equal kt-tab-layout-inherit kt-mobile-layout-row kt-row-valign-top\">\n<style>.kadence-column33_75382e-e5 > .kt-inside-inner-col{padding-top:var(--global-kb-spacing-lg, 3rem);padding-bottom:var(--global-kb-spacing-4xl, 8rem);}.kadence-column33_75382e-e5 > .kt-inside-inner-col,.kadence-column33_75382e-e5 > .kt-inside-inner-col:before{border-top-left-radius:0px;border-top-right-radius:0px;border-bottom-right-radius:0px;border-bottom-left-radius:0px;}.kadence-column33_75382e-e5 > .kt-inside-inner-col{column-gap:var(--global-kb-gap-sm, 1rem);}.kadence-column33_75382e-e5 > .kt-inside-inner-col{flex-direction:column;}.kadence-column33_75382e-e5 > .kt-inside-inner-col > .aligncenter{width:100%;}.kadence-column33_75382e-e5 > .kt-inside-inner-col:before{opacity:0.3;}.kadence-column33_75382e-e5{position:relative;}@media all and (max-width: 1024px){.kadence-column33_75382e-e5 > .kt-inside-inner-col{flex-direction:column;justify-content:center;}}@media all and (max-width: 767px){.kadence-column33_75382e-e5 > .kt-inside-inner-col{flex-direction:column;justify-content:center;}}<\/style>\n<div class=\"wp-block-kadence-column kadence-column33_75382e-e5\"><div class=\"kt-inside-inner-col\">\n<h1 class=\"wp-block-heading\">Accesibilidad<\/h1>\n\n\n\n<p class=\"has--font-size\">Accesibilidad sitio web, de conformidad con el&nbsp;<a href=\"http:\/\/www.boe.es\/diario_boe\/txt.php?id=BOE-A-2018-12699\" target=\"_blank\" rel=\"noreferrer noopener\">Real Decreto 1112\/2018, de 7 de septiembre, sobre accesibilidad de los sitios web y aplicaciones para dispositivos m\u00f3viles del sector p\u00fablico<\/a>.<\/p>\n\n\n\n<p>La presente declaraci\u00f3n de accesibilidad se aplica al sitio web <a href=\"https:\/\/gonzalezroldanabogados.com\/index.php\/accesibilidad\/\" type=\"page\" id=\"33\">poner direcci\u00f3n cuando est\u00e9<\/a><\/p>\n\n\n\n<h2 class=\"wp-block-heading\"><strong>SITUACI\u00d3N DE CUMPLIMIENTO<\/strong><\/h2>\n\n\n\n<p>Este sitio web es parcialmente conforme con el&nbsp;<a href=\"http:\/\/www.boe.es\/diario_boe\/txt.php?id=BOE-A-2018-12699\" target=\"_blank\" rel=\"noreferrer noopener\">RD 1112\/2018<\/a>&nbsp;debido a las excepciones y a la falta de conformidad de los aspectos que se indican en el siguiente punto.<\/p>\n\n\n\n<h2 class=\"wp-block-heading\"><strong>CONTENIDO NO ACCESIBLE<\/strong><\/h2>\n\n\n\n<p>El contenido que se recoge a continuaci\u00f3n no es accesible por lo siguiente:<\/p>\n\n\n\n<ul class=\"wp-block-list\">\n<li>Falta de conformidad con el RD 1112\/2018<\/li>\n<\/ul>\n\n\n\n<p>Podr\u00edan existir algunas caracter\u00edsticas sensoriales que no cumplan los m\u00ednimos exigidos. [1.3.3 Caracter\u00edsticas sensoriales]<\/p>\n\n\n\n<p>Podr\u00edan existir algunos aspectos relacionados con el espaciado de texto y contenido se\u00f1alado con el puntero o que tiene el foco, que no cumplan con los m\u00ednimos exigidos. [1.4.12 y 1.4.13]<\/p>\n\n\n\n<p>Podr\u00edan existir errores de c\u00f3digo puntuales de edici\u00f3n en alguna p\u00e1gina web. [4.1.2 nombre, funci\u00f3n, valor y 4.1.3 mensajes de estado]<\/p>\n\n\n\n<ul class=\"wp-block-list\">\n<li>Carga desproporcionada<\/li>\n<\/ul>\n\n\n\n<p>No aplica.<\/p>\n\n\n\n<ul class=\"wp-block-list\">\n<li>El contenido no entra dentro del \u00e1mbito de la legislaci\u00f3n aplicable<\/li>\n<\/ul>\n\n\n\n<p>No aplica.<\/p>\n\n\n\n<h2 class=\"wp-block-heading\"><strong>PREPARACI\u00d3N DE LA SIGUIENTE DECLARACI\u00d3N DE ACCESIBILIDAD<\/strong><\/h2>\n\n\n\n<p>La presente declaraci\u00f3n fue preparada el 21 de octubre de 2024.<\/p>\n\n\n\n<p>El m\u00e9todo empleado para preparar la declaraci\u00f3n ha sido una autoevaluaci\u00f3n llevada a cabo por la empresa desarrolladora de la web.<\/p>\n\n\n\n<h2 class=\"wp-block-heading\"><strong>OBSERVACIONES Y DATOS DE CONTACTO<\/strong><\/h2>\n\n\n\n<p>Puede realizar comunicaciones sobre requisitos de accesibilidad (art\u00edculo 10.2.a del RD 1112\/2018) como por ejemplo:<\/p>\n\n\n\n<ul class=\"wp-block-list\">\n<li>Informar sobre cualquier posible incumplimiento por parte de este sitio web<\/li>\n\n\n\n<li>Transmitir otras dificultades de acceso al contenido<\/li>\n\n\n\n<li>Formular cualquier otra consulta o sugerencia de mejora relativa a la accesibilidad del sitio web<\/li>\n<\/ul>\n\n\n\n<p>A trav\u00e9s del&nbsp;formulario de contacto&nbsp;de este sitio web.<\/p>\n\n\n\n<p>Puede presentar:<\/p>\n\n\n\n<ul class=\"wp-block-list\">\n<li>Queja&nbsp;relativa al cumplimiento de los requisitos del RD 1112\/2018 o<\/li>\n\n\n\n<li>Solicitud de Informaci\u00f3n accesiblerelativa a:<\/li>\n<\/ul>\n\n\n\n<p>Contenidos&nbsp;que est\u00e1n&nbsp;excluidos&nbsp;del&nbsp;\u00e1mbito de aplicaci\u00f3n&nbsp;del RD 1112\/2018 seg\u00fan lo establecido por el art\u00edculo 3, apartado 4<\/p>\n\n\n\n<p>Contenidos&nbsp;que est\u00e1n&nbsp;exentos&nbsp;del&nbsp;cumplimiento&nbsp;de los requisitos de accesibilidad por imponer una&nbsp;carga desproporcionada.<\/p>\n\n\n\n<p>En la Solicitud de informaci\u00f3n accesible, se debe concretar, con toda claridad, los hechos, razones y petici\u00f3n que permitan constatar que se trata de una solicitud razonable y leg\u00edtima.<\/p>\n\n\n\n<p>Las quejas y reclamaciones sobre informaci\u00f3n accesible&nbsp;se realizar\u00e1n a trav\u00e9s de la sede electr\u00f3nica (https:\/\/sede.red.gob.es\/procedimientos\/quejas-y-sugerencias), y ser\u00e1n recibidas y tratadas por el \u00e1rea de Sistemas de la Informaci\u00f3n de Red.es.<\/p>\n\n\n\n<h2 class=\"wp-block-heading\"><strong>PROCEDIMIENTO DE APLICACI\u00d3N<\/strong><\/h2>\n\n\n\n<p>Si una vez realizada una solicitud de informaci\u00f3n accesible o queja, \u00e9sta hubiera sido desestimada, no se estuviera de acuerdo con la decisi\u00f3n adoptada, o la respuesta no cumpliera los requisitos contemplados en el art\u00edculo 12.5, la persona interesada podr\u00e1 iniciar una reclamaci\u00f3n. Igualmente se podr\u00e1 iniciar una reclamaci\u00f3n en el caso de que haya transcurrido el plazo de veinte d\u00edas h\u00e1biles sin haber obtenido respuesta.<\/p>\n\n\n\n<h2 class=\"wp-block-heading\"><strong>CONTENIDO OPCIONAL<\/strong><\/h2>\n\n\n\n<p>Este portal esta dise\u00f1ado para poder cambiar el tama\u00f1o del texto y el color, as\u00ed&nbsp;como el fondo de la p\u00e1gina mediante las opciones de configuraci\u00f3n est\u00e1ndar de los navegadores.<\/p>\n\n\n\n<p>Si desea cambiar el tama\u00f1o de letra del texto en los principales navegadores gr\u00e1ficos utilice los siguientes men\u00fas:<\/p>\n\n\n\n<ul class=\"wp-block-list\">\n<li>Internet Explorer, Mozilla y Firefox: Ver &gt; Tama\u00f1o del texto<\/li>\n\n\n\n<li>Opera: Ver &gt; Zoom<\/li>\n\n\n\n<li>Safari: Ver &gt; Hacer el texto mas grande<\/li>\n\n\n\n<li>Chrome: Controla la pagina actual &gt; Tama\u00f1o del texto<\/li>\n\n\n\n<li>Para modificar el tama\u00f1o de todo en la pagina:\n<ul class=\"wp-block-list\">\n<li>Ctrl + + para aumentarlo<\/li>\n\n\n\n<li>Ctrl + \u2013 para disminuirlo<\/li>\n\n\n\n<li>Ctrl + 0 restaura el tama\u00f1o original del texto<\/li>\n<\/ul>\n<\/li>\n<\/ul>\n\n\n\n<p class=\"has--font-size\">Si lo que quiere es anular la hoja de estilos o modificar el color del texto, puede consultar la pagina&nbsp;How to Change Text Size or Colorsde la WAI, que se puede leer traducida al espa\u00f1ol en \u00bfC\u00f3mo cambiar el tama\u00f1o del texto o colores?<\/p>\n<\/div><\/div>\n\n<\/div><\/div>","protected":false},"excerpt":{"rendered":"<p>Accesibilidad Accesibilidad sitio web, de conformidad con el&nbsp;Real Decreto 1112\/2018, de 7 de septiembre, sobre accesibilidad de los sitios web y aplicaciones para dispositivos m\u00f3viles del sector p\u00fablico. La presente declaraci\u00f3n de accesibilidad se aplica al sitio web poner direcci\u00f3n cuando est\u00e9 SITUACI\u00d3N DE CUMPLIMIENTO Este sitio web es parcialmente conforme con el&nbsp;RD 1112\/2018&nbsp;debido a&#8230;<\/p>\n","protected":false},"author":1,"featured_media":0,"parent":0,"menu_order":0,"comment_status":"closed","ping_status":"closed","template":"","meta":{"_kad_blocks_custom_css":"","_kad_blocks_head_custom_js":"","_kad_blocks_body_custom_js":"","_kad_blocks_footer_custom_js":"","_kadence_starter_templates_imported_post":false,"_kad_post_transparent":"disable","_kad_post_title":"hide","_kad_post_layout":"normal","_kad_post_sidebar_id":"","_kad_post_content_style":"","_kad_post_vertical_padding":"","_kad_post_feature":"","_kad_post_feature_position":"","_kad_post_header":false,"_kad_post_footer":false,"_kad_post_classname":"","footnotes":""},"class_list":["post-33","page","type-page","status-publish","hentry"],"yoast_head":"<!-- This site is optimized with the Yoast SEO plugin v27.1.1 - https:\/\/yoast.com\/product\/yoast-seo-wordpress\/ -->\n<title>Accesibilidad - Mar\u00eda Gonzalez Roldan Abogada<\/title>\n<meta name=\"description\" content=\"Despacho de abogados en Granada especializado en derecho civil, penal, laboral y administrativo, con atenci\u00f3n cercana, profesional y transparente para resolver cada caso con eficacia.\" \/>\n<meta name=\"robots\" content=\"index, follow, max-snippet:-1, max-image-preview:large, max-video-preview:-1\" \/>\n<link rel=\"canonical\" href=\"https:\/\/gonzalezroldanabogados.com\/index.php\/accesibilidad\/\" \/>\n<meta property=\"og:locale\" content=\"es_ES\" \/>\n<meta property=\"og:type\" content=\"article\" \/>\n<meta property=\"og:title\" content=\"Accesibilidad - Mar\u00eda Gonzalez Roldan Abogada\" \/>\n<meta property=\"og:description\" content=\"Despacho de abogados en Granada especializado en derecho civil, penal, laboral y administrativo, con atenci\u00f3n cercana, profesional y transparente para resolver cada caso con eficacia.\" \/>\n<meta property=\"og:url\" content=\"https:\/\/gonzalezroldanabogados.com\/index.php\/accesibilidad\/\" \/>\n<meta property=\"og:site_name\" content=\"Mar\u00eda Gonzalez Roldan Abogada\" \/>\n<meta property=\"article:modified_time\" content=\"2026-03-12T11:03:56+00:00\" \/>\n<meta name=\"twitter:card\" content=\"summary_large_image\" \/>\n<meta name=\"twitter:label1\" content=\"Tiempo de lectura\" \/>\n\t<meta name=\"twitter:data1\" content=\"3 minutos\" \/>\n<script type=\"application\/ld+json\" class=\"yoast-schema-graph\">{\"@context\":\"https:\/\/schema.org\",\"@graph\":[{\"@type\":\"WebPage\",\"@id\":\"https:\/\/gonzalezroldanabogados.com\/index.php\/accesibilidad\/\",\"url\":\"https:\/\/gonzalezroldanabogados.com\/index.php\/accesibilidad\/\",\"name\":\"Accesibilidad - Mar\u00eda Gonzalez Roldan Abogada\",\"isPartOf\":{\"@id\":\"https:\/\/gonzalezroldanabogados.com\/#website\"},\"datePublished\":\"2025-12-10T15:50:57+00:00\",\"dateModified\":\"2026-03-12T11:03:56+00:00\",\"description\":\"Despacho de abogados en Granada especializado en derecho civil, penal, laboral y administrativo, con atenci\u00f3n cercana, profesional y transparente para resolver cada caso con eficacia.\",\"breadcrumb\":{\"@id\":\"https:\/\/gonzalezroldanabogados.com\/index.php\/accesibilidad\/#breadcrumb\"},\"inLanguage\":\"es\",\"potentialAction\":[{\"@type\":\"ReadAction\",\"target\":[\"https:\/\/gonzalezroldanabogados.com\/index.php\/accesibilidad\/\"]}]},{\"@type\":\"BreadcrumbList\",\"@id\":\"https:\/\/gonzalezroldanabogados.com\/index.php\/accesibilidad\/#breadcrumb\",\"itemListElement\":[{\"@type\":\"ListItem\",\"position\":1,\"name\":\"Portada\",\"item\":\"https:\/\/gonzalezroldanabogados.com\/\"},{\"@type\":\"ListItem\",\"position\":2,\"name\":\"Accesibilidad\"}]},{\"@type\":\"WebSite\",\"@id\":\"https:\/\/gonzalezroldanabogados.com\/#website\",\"url\":\"https:\/\/gonzalezroldanabogados.com\/\",\"name\":\"Mar\u00eda Gonzalez Roldan Abogada\",\"description\":\"Despacho de abogados en Granada especializado en derecho civil, penal, laboral y administrativo, con atenci\u00f3n cercana, profesional y transparente para resolver cada caso con eficacia.\",\"publisher\":{\"@id\":\"https:\/\/gonzalezroldanabogados.com\/#organization\"},\"potentialAction\":[{\"@type\":\"SearchAction\",\"target\":{\"@type\":\"EntryPoint\",\"urlTemplate\":\"https:\/\/gonzalezroldanabogados.com\/?s={search_term_string}\"},\"query-input\":{\"@type\":\"PropertyValueSpecification\",\"valueRequired\":true,\"valueName\":\"search_term_string\"}}],\"inLanguage\":\"es\"},{\"@type\":\"Organization\",\"@id\":\"https:\/\/gonzalezroldanabogados.com\/#organization\",\"name\":\"Mar\u00eda Gonzalez Roldan Abogada\",\"url\":\"https:\/\/gonzalezroldanabogados.com\/\",\"logo\":{\"@type\":\"ImageObject\",\"inLanguage\":\"es\",\"@id\":\"https:\/\/gonzalezroldanabogados.com\/#\/schema\/logo\/image\/\",\"url\":\"https:\/\/gonzalezroldanabogados.com\/wp-content\/uploads\/2025\/12\/cropped-logo-2.png\",\"contentUrl\":\"https:\/\/gonzalezroldanabogados.com\/wp-content\/uploads\/2025\/12\/cropped-logo-2.png\",\"width\":679,\"height\":224,\"caption\":\"Mar\u00eda Gonzalez Roldan Abogada\"},\"image\":{\"@id\":\"https:\/\/gonzalezroldanabogados.com\/#\/schema\/logo\/image\/\"}}]}<\/script>\n<!-- \/ Yoast SEO plugin. -->","yoast_head_json":{"title":"Accesibilidad - Mar\u00eda Gonzalez Roldan Abogada","description":"Despacho de abogados en Granada especializado en derecho civil, penal, laboral y administrativo, con atenci\u00f3n cercana, profesional y transparente para resolver cada caso con eficacia.","robots":{"index":"index","follow":"follow","max-snippet":"max-snippet:-1","max-image-preview":"max-image-preview:large","max-video-preview":"max-video-preview:-1"},"canonical":"https:\/\/gonzalezroldanabogados.com\/index.php\/accesibilidad\/","og_locale":"es_ES","og_type":"article","og_title":"Accesibilidad - Mar\u00eda Gonzalez Roldan Abogada","og_description":"Despacho de abogados en Granada especializado en derecho civil, penal, laboral y administrativo, con atenci\u00f3n cercana, profesional y transparente para resolver cada caso con eficacia.","og_url":"https:\/\/gonzalezroldanabogados.com\/index.php\/accesibilidad\/","og_site_name":"Mar\u00eda Gonzalez Roldan Abogada","article_modified_time":"2026-03-12T11:03:56+00:00","twitter_card":"summary_large_image","twitter_misc":{"Tiempo de lectura":"3 minutos"},"schema":{"@context":"https:\/\/schema.org","@graph":[{"@type":"WebPage","@id":"https:\/\/gonzalezroldanabogados.com\/index.php\/accesibilidad\/","url":"https:\/\/gonzalezroldanabogados.com\/index.php\/accesibilidad\/","name":"Accesibilidad - Mar\u00eda Gonzalez Roldan Abogada","isPartOf":{"@id":"https:\/\/gonzalezroldanabogados.com\/#website"},"datePublished":"2025-12-10T15:50:57+00:00","dateModified":"2026-03-12T11:03:56+00:00","description":"Despacho de abogados en Granada especializado en derecho civil, penal, laboral y administrativo, con atenci\u00f3n cercana, profesional y transparente para resolver cada caso con eficacia.","breadcrumb":{"@id":"https:\/\/gonzalezroldanabogados.com\/index.php\/accesibilidad\/#breadcrumb"},"inLanguage":"es","potentialAction":[{"@type":"ReadAction","target":["https:\/\/gonzalezroldanabogados.com\/index.php\/accesibilidad\/"]}]},{"@type":"BreadcrumbList","@id":"https:\/\/gonzalezroldanabogados.com\/index.php\/accesibilidad\/#breadcrumb","itemListElement":[{"@type":"ListItem","position":1,"name":"Portada","item":"https:\/\/gonzalezroldanabogados.com\/"},{"@type":"ListItem","position":2,"name":"Accesibilidad"}]},{"@type":"WebSite","@id":"https:\/\/gonzalezroldanabogados.com\/#website","url":"https:\/\/gonzalezroldanabogados.com\/","name":"Mar\u00eda Gonzalez Roldan Abogada","description":"Despacho de abogados en Granada especializado en derecho civil, penal, laboral y administrativo, con atenci\u00f3n cercana, profesional y transparente para resolver cada caso con eficacia.","publisher":{"@id":"https:\/\/gonzalezroldanabogados.com\/#organization"},"potentialAction":[{"@type":"SearchAction","target":{"@type":"EntryPoint","urlTemplate":"https:\/\/gonzalezroldanabogados.com\/?s={search_term_string}"},"query-input":{"@type":"PropertyValueSpecification","valueRequired":true,"valueName":"search_term_string"}}],"inLanguage":"es"},{"@type":"Organization","@id":"https:\/\/gonzalezroldanabogados.com\/#organization","name":"Mar\u00eda Gonzalez Roldan Abogada","url":"https:\/\/gonzalezroldanabogados.com\/","logo":{"@type":"ImageObject","inLanguage":"es","@id":"https:\/\/gonzalezroldanabogados.com\/#\/schema\/logo\/image\/","url":"https:\/\/gonzalezroldanabogados.com\/wp-content\/uploads\/2025\/12\/cropped-logo-2.png","contentUrl":"https:\/\/gonzalezroldanabogados.com\/wp-content\/uploads\/2025\/12\/cropped-logo-2.png","width":679,"height":224,"caption":"Mar\u00eda Gonzalez Roldan Abogada"},"image":{"@id":"https:\/\/gonzalezroldanabogados.com\/#\/schema\/logo\/image\/"}}]}},"taxonomy_info":[],"featured_image_src_large":false,"author_info":{"display_name":"admin","author_link":"https:\/\/gonzalezroldanabogados.com\/index.php\/author\/startgoadm\/"},"comment_info":0,"_links":{"self":[{"href":"https:\/\/gonzalezroldanabogados.com\/index.php\/wp-json\/wp\/v2\/pages\/33","targetHints":{"allow":["GET"]}}],"collection":[{"href":"https:\/\/gonzalezroldanabogados.com\/index.php\/wp-json\/wp\/v2\/pages"}],"about":[{"href":"https:\/\/gonzalezroldanabogados.com\/index.php\/wp-json\/wp\/v2\/types\/page"}],"author":[{"embeddable":true,"href":"https:\/\/gonzalezroldanabogados.com\/index.php\/wp-json\/wp\/v2\/users\/1"}],"replies":[{"embeddable":true,"href":"https:\/\/gonzalezroldanabogados.com\/index.php\/wp-json\/wp\/v2\/comments?post=33"}],"version-history":[{"count":5,"href":"https:\/\/gonzalezroldanabogados.com\/index.php\/wp-json\/wp\/v2\/pages\/33\/revisions"}],"predecessor-version":[{"id":369,"href":"https:\/\/gonzalezroldanabogados.com\/index.php\/wp-json\/wp\/v2\/pages\/33\/revisions\/369"}],"wp:attachment":[{"href":"https:\/\/gonzalezroldanabogados.com\/index.php\/wp-json\/wp\/v2\/media?parent=33"}],"curies":[{"name":"wp","href":"https:\/\/api.w.org\/{rel}","templated":true}]}}